{"id":90,"date":"2025-02-01T19:52:35","date_gmt":"2025-02-01T18:52:35","guid":{"rendered":"https:\/\/www.daydreamforfun.com\/?page_id=90"},"modified":"2025-08-21T16:24:31","modified_gmt":"2025-08-21T14:24:31","slug":"missions","status":"publish","type":"page","link":"https:\/\/www.daydreamforfun.com\/?page_id=90","title":{"rendered":"le temps qui passe&#8230;"},"content":{"rendered":"\t\t<div data-elementor-type=\"wp-page\" data-elementor-id=\"90\" class=\"elementor elementor-90\">\n\t\t\t\t<div class=\"elementor-element elementor-element-a6977e1 e-flex e-con-boxed e-con e-parent\" data-id=\"a6977e1\" data-element_type=\"container\">\n\t\t\t\t\t<div class=\"e-con-inner\">\n\t\t\t\t<div class=\"elementor-element elementor-element-73ac6fb elementor-widget-divider--separator-type-pattern elementor-widget-divider--no-spacing elementor-widget-divider--view-line elementor-widget elementor-widget-divider\" data-id=\"73ac6fb\" data-element_type=\"widget\" data-widget_type=\"divider.default\">\n\t\t\t\t<div class=\"elementor-widget-container\">\n\t\t\t\t\t\t\t<div class=\"elementor-divider\" style=\"--divider-pattern-url: url(&quot;data:image\/svg+xml,%3Csvg xmlns=&#039;http:\/\/www.w3.org\/2000\/svg&#039; preserveAspectRatio=&#039;xMidYMid meet&#039; overflow=&#039;visible&#039; height=&#039;100%&#039; viewBox=&#039;0 0 121 26&#039; fill=&#039;black&#039; stroke=&#039;none&#039;%3E%3Cpath d=&#039;M29.6,10.3l2.1,2.2l-3.6,3.3h7v2.9h-7l3.6,3.5l-2.1,1.7l-5.2-5.2h-5.8v-2.9h5.8L29.6,10.3z M70.9,9.6l2.1,1.7l-3.6,3.5h7v2.9h-7l3.6,3.3l-2.1,2.2l-5.2-5.5h-5.8v-2.9h5.8L70.9,9.6z M111.5,9.6l2.1,1.7l-3.6,3.5h7v2.9h-7l3.6,3.3l-2.1,2.2l-5.2-5.5h-5.8v-2.9h5.8L111.5,9.6z M50.2,2.7l2.1,1.7l-3.6,3.5h7v2.9h-7l3.6,3.3l-2.1,2.2L45,10.7h-5.8V7.9H45L50.2,2.7z M11,2l2.1,1.7L9.6,7.2h7V10h-7l3.6,3.3L11,15.5L5.8,10H0V7.2h5.8L11,2z M91.5,2l2.1,2.2l-3.6,3.3h7v2.9h-7l3.6,3.5l-2.1,1.7l-5.2-5.2h-5.8V7.5h5.8L91.5,2z&#039;\/%3E%3C\/svg%3E&quot;);\">\n\t\t\t<span class=\"elementor-divider-separator\">\n\t\t\t\t\t\t<\/span>\n\t\t<\/div>\n\t\t\t\t\t\t<\/div>\n\t\t\t\t<\/div>\n\t\t\t\t\t<\/div>\n\t\t\t\t<\/div>\n\t\t<div class=\"elementor-element elementor-element-8f89e26 e-flex e-con-boxed e-con e-parent\" data-id=\"8f89e26\" data-element_type=\"container\">\n\t\t\t\t\t<div class=\"e-con-inner\">\n\t\t\t\t<div class=\"elementor-element elementor-element-5863f77 elementor-align-center animated-slow elementor-invisible elementor-widget elementor-widget-button\" data-id=\"5863f77\" data-element_type=\"widget\" data-settings=\"{&quot;_animation&quot;:&quot;flash&quot;}\" data-widget_type=\"button.default\">\n\t\t\t\t<div class=\"elementor-widget-container\">\n\t\t\t\t\t\t\t\t\t<div class=\"elementor-button-wrapper\">\n\t\t\t\t\t<a class=\"elementor-button elementor-button-link elementor-size-sm\" href=\"https:\/\/www.daydreamforfun.com\/?page_id=818\">\n\t\t\t\t\t\t<span class=\"elementor-button-content-wrapper\">\n\t\t\t\t\t\t<span class=\"elementor-button-icon\">\n\t\t\t\t<svg aria-hidden=\"true\" class=\"e-font-icon-svg e-far-hand-point-right\" viewBox=\"0 0 512 512\" xmlns=\"http:\/\/www.w3.org\/2000\/svg\"><path d=\"M428.8 137.6h-86.177a115.52 115.52 0 0 0 2.176-22.4c0-47.914-35.072-83.2-92-83.2-45.314 0-57.002 48.537-75.707 78.784-7.735 12.413-16.994 23.317-25.851 33.253l-.131.146-.129.148C135.662 161.807 127.764 168 120.8 168h-2.679c-5.747-4.952-13.536-8-22.12-8H32c-17.673 0-32 12.894-32 28.8v230.4C0 435.106 14.327 448 32 448h64c8.584 0 16.373-3.048 22.12-8h2.679c28.688 0 67.137 40 127.2 40h21.299c62.542 0 98.8-38.658 99.94-91.145 12.482-17.813 18.491-40.785 15.985-62.791A93.148 93.148 0 0 0 393.152 304H428.8c45.435 0 83.2-37.584 83.2-83.2 0-45.099-38.101-83.2-83.2-83.2zm0 118.4h-91.026c12.837 14.669 14.415 42.825-4.95 61.05 11.227 19.646 1.687 45.624-12.925 53.625 6.524 39.128-10.076 61.325-50.6 61.325H248c-45.491 0-77.21-35.913-120-39.676V215.571c25.239-2.964 42.966-21.222 59.075-39.596 11.275-12.65 21.725-25.3 30.799-39.875C232.355 112.712 244.006 80 252.8 80c23.375 0 44 8.8 44 35.2 0 35.2-26.4 53.075-26.4 70.4h158.4c18.425 0 35.2 16.5 35.2 35.2 0 18.975-16.225 35.2-35.2 35.2zM88 384c0 13.255-10.745 24-24 24s-24-10.745-24-24 10.745-24 24-24 24 10.745 24 24z\"><\/path><\/svg>\t\t\t<\/span>\n\t\t\t\t\t\t\t\t\t<span class=\"elementor-button-text\">Rubriques du journal num\u00e9rique amateur<\/span>\n\t\t\t\t\t<\/span>\n\t\t\t\t\t<\/a>\n\t\t\t\t<\/div>\n\t\t\t\t\t\t\t\t<\/div>\n\t\t\t\t<\/div>\n\t\t\t\t\t<\/div>\n\t\t\t\t<\/div>\n\t\t<div class=\"elementor-element elementor-element-736f542 e-flex e-con-boxed e-con e-parent\" data-id=\"736f542\" data-element_type=\"container\">\n\t\t\t\t\t<div class=\"e-con-inner\">\n\t\t\t\t<div class=\"elementor-element elementor-element-883413c elementor-widget elementor-widget-text-editor\" data-id=\"883413c\" data-element_type=\"widget\" data-widget_type=\"text-editor.default\">\n\t\t\t\t<div class=\"elementor-widget-container\">\n\t\t\t\t\t\t\t\t\t<p>&gt;&gt;&gt; \u00ab\u00a0<span style=\"text-decoration: underline;\"><strong>daydream forfun\u00a0\u00bb<\/strong><\/span><\/p>\t\t\t\t\t\t\t\t<\/div>\n\t\t\t\t<\/div>\n\t\t\t\t\t<\/div>\n\t\t\t\t<\/div>\n\t\t<div class=\"elementor-element elementor-element-5f83593 e-flex e-con-boxed elementor-invisible e-con e-parent\" data-id=\"5f83593\" data-element_type=\"container\" data-settings=\"{&quot;animation&quot;:&quot;headShake&quot;}\">\n\t\t\t\t\t<div class=\"e-con-inner\">\n\t\t\t\t<div class=\"elementor-element elementor-element-f8ac677 elementor-invisible elementor-widget elementor-widget-text-editor\" data-id=\"f8ac677\" data-element_type=\"widget\" data-settings=\"{&quot;_animation&quot;:&quot;rollIn&quot;}\" data-widget_type=\"text-editor.default\">\n\t\t\t\t<div class=\"elementor-widget-container\">\n\t\t\t\t\t\t\t\t\t<p><strong>\u00c7a a commenc\u00e9 comme cela&#8230;<\/strong><\/p>\t\t\t\t\t\t\t\t<\/div>\n\t\t\t\t<\/div>\n\t\t\t\t\t<\/div>\n\t\t\t\t<\/div>\n\t\t<div class=\"elementor-element elementor-element-58fddc8 e-flex e-con-boxed e-con e-parent\" data-id=\"58fddc8\" data-element_type=\"container\">\n\t\t\t\t\t<div class=\"e-con-inner\">\n\t\t\t\t<div class=\"elementor-element elementor-element-053ea0e elementor-widget elementor-widget-text-editor\" data-id=\"053ea0e\" data-element_type=\"widget\" data-widget_type=\"text-editor.default\">\n\t\t\t\t<div class=\"elementor-widget-container\">\n\t\t\t\t\t\t\t\t\t<p dir=\"ltr\"><strong>07\/08\/2022 <\/strong>Il est environ 1h45 du matin ou plus exactement 2h moins le quart,\u00a0 nous sommes, droit dans nos bottes et c&rsquo;est essentiel, on vient de finir, un bon repas, tr\u00e8s cool, dans un tout petit logement, ambiance tr\u00e8s cool aussi, on vient de refaire le monde comme d&rsquo;habitude, avec nos pr\u00e9jug\u00e9s et notre manque d&rsquo;objectivit\u00e9. Personne n&rsquo;est d&rsquo;accord, comme d&rsquo;habitude&#8230;<\/p>\t\t\t\t\t\t\t\t<\/div>\n\t\t\t\t<\/div>\n\t\t\t\t\t<\/div>\n\t\t\t\t<\/div>\n\t\t<div class=\"elementor-element elementor-element-3c3fba1 e-flex e-con-boxed e-con e-parent\" data-id=\"3c3fba1\" data-element_type=\"container\">\n\t\t\t\t\t<div class=\"e-con-inner\">\n\t\t\t\t<div class=\"elementor-element elementor-element-3feec90 elementor-widget elementor-widget-text-editor\" data-id=\"3feec90\" data-element_type=\"widget\" data-widget_type=\"text-editor.default\">\n\t\t\t\t<div class=\"elementor-widget-container\">\n\t\t\t\t\t\t\t\t\t<p dir=\"ltr\"><strong>07\/08\/2022 (3h du matin)<\/strong> On est compl\u00e9tement bourr\u00e9,\u00a0 et c\u2019est d\u00e9cider, on va essayer de r\u00e9soudre la fameuse l\u00e9gende intergalactique \u00e9crite de fa\u00e7on myst\u00e9rieuse depuis le fin fond des temps, soit en fait, tout simplement, essayer de r\u00e9soudre The Mission \u00a0\u00bb A la Recherche du Bout de la Nuit\u00a0\u00bb&#8230;<\/p>\t\t\t\t\t\t\t\t<\/div>\n\t\t\t\t<\/div>\n\t\t\t\t\t<\/div>\n\t\t\t\t<\/div>\n\t\t<div class=\"elementor-element elementor-element-5a44f66 e-flex e-con-boxed e-con e-parent\" data-id=\"5a44f66\" data-element_type=\"container\">\n\t\t\t\t\t<div class=\"e-con-inner\">\n\t\t\t\t<div class=\"elementor-element elementor-element-812e243 elementor-widget elementor-widget-button\" data-id=\"812e243\" data-element_type=\"widget\" data-widget_type=\"button.default\">\n\t\t\t\t<div class=\"elementor-widget-container\">\n\t\t\t\t\t\t\t\t\t<div class=\"elementor-button-wrapper\">\n\t\t\t\t\t<a class=\"elementor-button elementor-button-link elementor-size-sm\" href=\"https:\/\/forfun12.com\/?page_id=887\">\n\t\t\t\t\t\t<span class=\"elementor-button-content-wrapper\">\n\t\t\t\t\t\t<span class=\"elementor-button-icon\">\n\t\t\t\t<svg aria-hidden=\"true\" class=\"e-font-icon-svg e-far-hand-point-right\" viewBox=\"0 0 512 512\" xmlns=\"http:\/\/www.w3.org\/2000\/svg\"><path d=\"M428.8 137.6h-86.177a115.52 115.52 0 0 0 2.176-22.4c0-47.914-35.072-83.2-92-83.2-45.314 0-57.002 48.537-75.707 78.784-7.735 12.413-16.994 23.317-25.851 33.253l-.131.146-.129.148C135.662 161.807 127.764 168 120.8 168h-2.679c-5.747-4.952-13.536-8-22.12-8H32c-17.673 0-32 12.894-32 28.8v230.4C0 435.106 14.327 448 32 448h64c8.584 0 16.373-3.048 22.12-8h2.679c28.688 0 67.137 40 127.2 40h21.299c62.542 0 98.8-38.658 99.94-91.145 12.482-17.813 18.491-40.785 15.985-62.791A93.148 93.148 0 0 0 393.152 304H428.8c45.435 0 83.2-37.584 83.2-83.2 0-45.099-38.101-83.2-83.2-83.2zm0 118.4h-91.026c12.837 14.669 14.415 42.825-4.95 61.05 11.227 19.646 1.687 45.624-12.925 53.625 6.524 39.128-10.076 61.325-50.6 61.325H248c-45.491 0-77.21-35.913-120-39.676V215.571c25.239-2.964 42.966-21.222 59.075-39.596 11.275-12.65 21.725-25.3 30.799-39.875C232.355 112.712 244.006 80 252.8 80c23.375 0 44 8.8 44 35.2 0 35.2-26.4 53.075-26.4 70.4h158.4c18.425 0 35.2 16.5 35.2 35.2 0 18.975-16.225 35.2-35.2 35.2zM88 384c0 13.255-10.745 24-24 24s-24-10.745-24-24 10.745-24 24-24 24 10.745 24 24z\"><\/path><\/svg>\t\t\t<\/span>\n\t\t\t\t\t\t\t\t\t<span class=\"elementor-button-text\">The Mission : \"A la Recherche du Bout de la Nuit\"<\/span>\n\t\t\t\t\t<\/span>\n\t\t\t\t\t<\/a>\n\t\t\t\t<\/div>\n\t\t\t\t\t\t\t\t<\/div>\n\t\t\t\t<\/div>\n\t\t\t\t\t<\/div>\n\t\t\t\t<\/div>\n\t\t<div class=\"elementor-element elementor-element-9dcbcbb e-flex e-con-boxed e-con e-parent\" data-id=\"9dcbcbb\" data-element_type=\"container\">\n\t\t\t\t\t<div class=\"e-con-inner\">\n\t\t\t\t<div class=\"elementor-element elementor-element-de67e0e elementor-widget elementor-widget-text-editor\" data-id=\"de67e0e\" data-element_type=\"widget\" data-widget_type=\"text-editor.default\">\n\t\t\t\t<div class=\"elementor-widget-container\">\n\t\t\t\t\t\t\t\t\t<p dir=\"ltr\"><strong>20\/08\/2022 <\/strong>C&rsquo;est fou ce qui se passe lorsque l&rsquo;on boit mod\u00e9r\u00e9ment&#8230;Peut-\u00eatre \u00e9tait-ce cela la solution de l\u2019\u00e9nigme&#8230;boire mod\u00e9r\u00e9ment,&#8230;Non, nous venions de nous resservir un petit verre de rhum, nous \u00e9tions d&rsquo;accord, cela ne pouvait pas \u00eatre aussi simple&#8230;<\/p>\t\t\t\t\t\t\t\t<\/div>\n\t\t\t\t<\/div>\n\t\t\t\t\t<\/div>\n\t\t\t\t<\/div>\n\t\t<div class=\"elementor-element elementor-element-27f81a9 e-flex e-con-boxed e-con e-parent\" data-id=\"27f81a9\" data-element_type=\"container\">\n\t\t\t\t\t<div class=\"e-con-inner\">\n\t\t\t\t<div class=\"elementor-element elementor-element-f381392 elementor-widget elementor-widget-text-editor\" data-id=\"f381392\" data-element_type=\"widget\" data-widget_type=\"text-editor.default\">\n\t\t\t\t<div class=\"elementor-widget-container\">\n\t\t\t\t\t\t\t\t\t<p><strong>15\/09\/2022 <\/strong>Pour accomplir la mission, c&rsquo;est d\u00e9cider, on va cr\u00e9er un journal num\u00e9rique, dans un but que nous ne connaissons pas, et on n&rsquo;en n&rsquo;a rien \u00e0 foutre. Mais cela sera un bon d\u00e9part. Mais bon, ce n\u2019est pas grave, et surtout, ce n&rsquo;est pas le plus important . On n\u2019y connait rien au journalisme amateur, mais comme dit la c\u00e9l\u00e8bre citation, \u00ab Ce n\u2019est pas le but qui compte mais les chemins pour y arriver \u00bb.<\/p>\t\t\t\t\t\t\t\t<\/div>\n\t\t\t\t<\/div>\n\t\t\t\t\t<\/div>\n\t\t\t\t<\/div>\n\t\t<div class=\"elementor-element elementor-element-29db04c e-flex e-con-boxed e-con e-parent\" data-id=\"29db04c\" data-element_type=\"container\">\n\t\t\t\t\t<div class=\"e-con-inner\">\n\t\t\t\t<div class=\"elementor-element elementor-element-23a4b21 elementor-widget elementor-widget-text-editor\" data-id=\"23a4b21\" data-element_type=\"widget\" data-widget_type=\"text-editor.default\">\n\t\t\t\t<div class=\"elementor-widget-container\">\n\t\t\t\t\t\t\t\t\t<p><strong>20\/05\/2023 <\/strong>On vient d&rsquo;\u00eatre inform\u00e9 qu&rsquo;une p\u00e9tition a eu lieu pour avoir une double ration lors du petit d\u00e9jeuner.<\/p>\t\t\t\t\t\t\t\t<\/div>\n\t\t\t\t<\/div>\n\t\t\t\t\t<\/div>\n\t\t\t\t<\/div>\n\t\t<div class=\"elementor-element elementor-element-ef17d06 e-flex e-con-boxed e-con e-parent\" data-id=\"ef17d06\" data-element_type=\"container\">\n\t\t\t\t\t<div class=\"e-con-inner\">\n\t\t\t\t<div class=\"elementor-element elementor-element-dd660d1 elementor-widget elementor-widget-text-editor\" data-id=\"dd660d1\" data-element_type=\"widget\" data-widget_type=\"text-editor.default\">\n\t\t\t\t<div class=\"elementor-widget-container\">\n\t\t\t\t\t\t\t\t\t<p><strong>02\/12\/2023 <\/strong>On a besoin pour d\u00e9marrer notre journal num\u00e9rique amateur, de deux journalistes d\u00e9butantes ou d\u00e9butants, compl\u00e9tement amateur(e)s, candides, et un zeste d\u00e9sinvolte. On vient de les trouver, on tient \u00e0 pr\u00e9server leur identit\u00e9, on vous donne leur pseudo, forfun12 et forfun21. Il faut former forfun12 et forfun21. Comment former deux journalistes amateur(e)s, candides et un zeste d\u00e9sinvolte lorsque l&rsquo;on n&rsquo;y connait rien au journalisme ?. On va mettre en place un plan d&rsquo;action.<\/p>\t\t\t\t\t\t\t\t<\/div>\n\t\t\t\t<\/div>\n\t\t\t\t\t<\/div>\n\t\t\t\t<\/div>\n\t\t<div class=\"elementor-element elementor-element-f1676c0 e-flex e-con-boxed e-con e-parent\" data-id=\"f1676c0\" data-element_type=\"container\">\n\t\t\t\t\t<div class=\"e-con-inner\">\n\t\t\t\t<div class=\"elementor-element elementor-element-c9c2297 elementor-widget elementor-widget-text-editor\" data-id=\"c9c2297\" data-element_type=\"widget\" data-widget_type=\"text-editor.default\">\n\t\t\t\t<div class=\"elementor-widget-container\">\n\t\t\t\t\t\t\t\t\t<p><strong>12\/12\/2023 <\/strong>On met en place un plan d&rsquo;action, avec surtout, voire beaucoup d&rsquo;improvisations, mais toujours avec l&rsquo;id\u00e9e d&rsquo;aller voir ceux qui savent et dont c&rsquo;est le m\u00e9tier. On a trouv\u00e9 un d\u00e9but de support dans un b\u00e2timent qui prend soin du livre, un peu par hasard, on va demander \u00e0 forfun12 et forfun21 de le lire et de dire ce qu&rsquo;ils en pensent.\u00a0<\/p>\t\t\t\t\t\t\t\t<\/div>\n\t\t\t\t<\/div>\n\t\t\t\t<div class=\"elementor-element elementor-element-d9596ed elementor-widget elementor-widget-text-editor\" data-id=\"d9596ed\" data-element_type=\"widget\" data-widget_type=\"text-editor.default\">\n\t\t\t\t<div class=\"elementor-widget-container\">\n\t\t\t\t\t\t\t\t\t<p><strong>22\/12\/2023 <\/strong>forfun12 a accept\u00e9 les recommandations du daydream forfun, acqu\u00e9rir des connaissances de bases, et forfun21 ne veut rien savoir. On avait pr\u00e9vu. De toute fa\u00e7on ils sont en roue libre tel un 78 tour&#8230;<strong><br \/><\/strong><\/p>\t\t\t\t\t\t\t\t<\/div>\n\t\t\t\t<\/div>\n\t\t\t\t<div class=\"elementor-element elementor-element-c6e6121 elementor-widget elementor-widget-text-editor\" data-id=\"c6e6121\" data-element_type=\"widget\" data-widget_type=\"text-editor.default\">\n\t\t\t\t<div class=\"elementor-widget-container\">\n\t\t\t\t\t\t\t\t\t<p><strong>31\/12\/2023 <\/strong>forfun12 commence d\u00e9j\u00e0 \u00e0 n\u00e9gocier. Sa formation \u00e9voluera en fonction des \u00e9changes r\u00e9guliers avec le journal daydream forfun. forfun12 se formera en allant chercher de l&rsquo;information et en indiquant ses sources. forfun12 indique qu\u2019il utilisera aussi les supports constitu\u00e9s par Chatgpt et Deepseek.<\/p>\t\t\t\t\t\t\t\t<\/div>\n\t\t\t\t<\/div>\n\t\t\t\t\t<\/div>\n\t\t\t\t<\/div>\n\t\t<div class=\"elementor-element elementor-element-b357055 e-flex e-con-boxed e-con e-parent\" data-id=\"b357055\" data-element_type=\"container\">\n\t\t\t\t\t<div class=\"e-con-inner\">\n\t\t\t\t<div class=\"elementor-element elementor-element-f1ba14c elementor-widget elementor-widget-text-editor\" data-id=\"f1ba14c\" data-element_type=\"widget\" data-widget_type=\"text-editor.default\">\n\t\t\t\t<div class=\"elementor-widget-container\">\n\t\t\t\t\t\t\t\t\t<p><strong>14\/06\/2024 <\/strong>Mais c&rsquo;est le m\u00eame jour que l&rsquo;anniversaire de Donald&#8230;<\/p>\t\t\t\t\t\t\t\t<\/div>\n\t\t\t\t<\/div>\n\t\t\t\t\t<\/div>\n\t\t\t\t<\/div>\n\t\t<div class=\"elementor-element elementor-element-cc8f44c e-flex e-con-boxed e-con e-parent\" data-id=\"cc8f44c\" data-element_type=\"container\">\n\t\t\t\t\t<div class=\"e-con-inner\">\n\t\t\t\t<div class=\"elementor-element elementor-element-ffddc91 elementor-widget elementor-widget-text-editor\" data-id=\"ffddc91\" data-element_type=\"widget\" data-widget_type=\"text-editor.default\">\n\t\t\t\t<div class=\"elementor-widget-container\">\n\t\t\t\t\t\t\t\t\t<p><strong>09\/03\/2025 <\/strong>forfun12 vient de nous appeler, \u00e7a commence mal, il vient de nous parler de copyright et de droits d&rsquo;auteurs. Il veut mettre des infos sur son site forfun.com mais c&rsquo;est plus compliqu\u00e9 que pr\u00e9vu. On le rappelle demain.<\/p>\t\t\t\t\t\t\t\t<\/div>\n\t\t\t\t<\/div>\n\t\t\t\t\t<\/div>\n\t\t\t\t<\/div>\n\t\t<div class=\"elementor-element elementor-element-9380316 e-flex e-con-boxed e-con e-parent\" data-id=\"9380316\" data-element_type=\"container\">\n\t\t\t\t\t<div class=\"e-con-inner\">\n\t\t\t\t<div class=\"elementor-element elementor-element-987d070 elementor-widget elementor-widget-text-editor\" data-id=\"987d070\" data-element_type=\"widget\" data-widget_type=\"text-editor.default\">\n\t\t\t\t<div class=\"elementor-widget-container\">\n\t\t\t\t\t\t\t\t\t<p><strong>13\/03\/2025<\/strong> daydream forfun confirme, c&rsquo;est un jour sans&#8230;<\/p>\t\t\t\t\t\t\t\t<\/div>\n\t\t\t\t<\/div>\n\t\t\t\t\t<\/div>\n\t\t\t\t<\/div>\n\t\t<div class=\"elementor-element elementor-element-bc86966 e-flex e-con-boxed e-con e-parent\" data-id=\"bc86966\" data-element_type=\"container\">\n\t\t\t\t\t<div class=\"e-con-inner\">\n\t\t\t\t<div class=\"elementor-element elementor-element-8887416 elementor-widget elementor-widget-text-editor\" data-id=\"8887416\" data-element_type=\"widget\" data-widget_type=\"text-editor.default\">\n\t\t\t\t<div class=\"elementor-widget-container\">\n\t\t\t\t\t\t\t\t\t<p><strong>22\/04\/2025 <\/strong>daydream forfun s&rsquo;est r\u00e9uni. Le journal amateur d\u00e9butant risque de tomber \u00e0 l&rsquo;eau avant m\u00eame d&rsquo;avoir commencer. On improvise, on rassure forfun12 m\u00eame s&rsquo;il ne croit aucune de nos paroles. On lui indique que c&rsquo;est pr\u00e9vu et qu&rsquo;il doit s&rsquo;informer aupr\u00e8s de Chatgpt et de Deepseek concernant les droits d&rsquo;auteurs et nous faire un retour. On lui dit mot pour mot \u00ab\u00a0C&rsquo;est pr\u00e9vu, cela fait parti de ta premi\u00e8re rubrique, forfun12\u00a0\u00bb.<\/p>\t\t\t\t\t\t\t\t<\/div>\n\t\t\t\t<\/div>\n\t\t\t\t\t<\/div>\n\t\t\t\t<\/div>\n\t\t<div class=\"elementor-element elementor-element-4ec4252 e-flex e-con-boxed e-con e-parent\" data-id=\"4ec4252\" data-element_type=\"container\">\n\t\t\t\t\t<div class=\"e-con-inner\">\n\t\t\t\t<div class=\"elementor-element elementor-element-dc1bb97 elementor-widget elementor-widget-text-editor\" data-id=\"dc1bb97\" data-element_type=\"widget\" data-widget_type=\"text-editor.default\">\n\t\t\t\t<div class=\"elementor-widget-container\">\n\t\t\t\t\t\t\t\t\t<p><strong>27\/05\/2025<\/strong> daydream forfun commence \u00e0 confier des rubriques\u00a0 \u00e0 forfun12. Trouver des liens vers des IA g\u00e9n\u00e9ratives gratuites, interroger chatgpt et deepseek sur les droits d&rsquo;auteur, le copyright&#8230;<\/p>\t\t\t\t\t\t\t\t<\/div>\n\t\t\t\t<\/div>\n\t\t\t\t\t<\/div>\n\t\t\t\t<\/div>\n\t\t\t\t<\/div>\n\t\t","protected":false},"excerpt":{"rendered":"<p>Rubriques du journal num\u00e9rique amateur &gt;&gt;&gt; \u00ab\u00a0daydream forfun\u00a0\u00bb \u00c7a a commenc\u00e9 comme cela&#8230; 07\/08\/2022 Il est environ 1h45 du matin ou plus exactement 2h moins le quart,\u00a0 nous sommes, droit dans nos bottes et c&rsquo;est essentiel, on vient de finir, un bon repas, tr\u00e8s cool, dans un tout petit logement, ambiance tr\u00e8s cool aussi, on [&hellip;]<\/p>\n","protected":false},"author":1,"featured_media":0,"parent":0,"menu_order":2,"comment_status":"closed","ping_status":"closed","template":"elementor_header_footer","meta":{"footnotes":""},"class_list":["post-90","page","type-page","status-publish","hentry"],"_links":{"self":[{"href":"https:\/\/www.daydreamforfun.com\/index.php?rest_route=\/wp\/v2\/pages\/90","targetHints":{"allow":["GET"]}}],"collection":[{"href":"https:\/\/www.daydreamforfun.com\/index.php?rest_route=\/wp\/v2\/pages"}],"about":[{"href":"https:\/\/www.daydreamforfun.com\/index.php?rest_route=\/wp\/v2\/types\/page"}],"author":[{"embeddable":true,"href":"https:\/\/www.daydreamforfun.com\/index.php?rest_route=\/wp\/v2\/users\/1"}],"replies":[{"embeddable":true,"href":"https:\/\/www.daydreamforfun.com\/index.php?rest_route=%2Fwp%2Fv2%2Fcomments&post=90"}],"version-history":[{"count":555,"href":"https:\/\/www.daydreamforfun.com\/index.php?rest_route=\/wp\/v2\/pages\/90\/revisions"}],"predecessor-version":[{"id":2292,"href":"https:\/\/www.daydreamforfun.com\/index.php?rest_route=\/wp\/v2\/pages\/90\/revisions\/2292"}],"wp:attachment":[{"href":"https:\/\/www.daydreamforfun.com\/index.php?rest_route=%2Fwp%2Fv2%2Fmedia&parent=90"}],"curies":[{"name":"wp","href":"https:\/\/api.w.org\/{rel}","templated":true}]}}